01. Suppose i*d - 80 = a. Does 21 divide d?
False
Let g be (3/2 - 1)*80. Let d = -9 - 20. Let l = d + g. Is 9 a factor of l?
False
Suppose -5*w - 2*c + 7*c = -20, -3*c = 3. Suppose 4*m - i = 75, w*i - 99 = -5*m - i. Is 13 a factor of m?
False
Suppose 326 = 5*d + 2*u, -4*d + 0*u + 266 = -u. Is 3 a factor of 3*(d/9 - 1)?
False
Let u = -26 + 58. Suppose 24 = -2*i - 2*m, 3*i - 4*m = -i - u. Let g = i + 52. Is 21 a factor of g?
True
Let r(b) = b**3 - 3*b**2 - 6*b + 5. Is r(5) a multiple of 12?
False
Let g = 14 + -10. Is (g - 3) + (13 - -1) a multiple of 6?
False
Suppose -7*t + 166 = -5*t. Does 13 divide t?
False
Let m be -6*(-3)/((-18)/(-4)). Suppose -2*a + 11 + 1 = -m*i, -3*a = 0. Is i*14/(6/(-3)) a multiple of 12?
False
Let b(x) = x**2 + 6*x + 9. Is b(-6) a multiple of 9?
True
Let o = 6 + -3. Let y = -2 + 20. Suppose -y = o*a - 81. Does 7 divide a?
True
Let r(u) = u**3 - u**2 + 2*u - 2. Let w be 8 + -2 + (-8)/4. Let f be (-48)/(-21) + w/(-14). Is 3 a factor of r(f)?
True
Let j be (2/(2/3))/1. Suppose j + 12 = z. Let n = 14 + z. Is n a multiple of 13?
False
Suppose 19 = 4*f + 219. Let w = 84 + f. Is 13 a factor of w?
False
Suppose 0 = -3*f + 15 + 3. Suppose 3*q - 6 = w, -2*w - 2 - 7 = -5*q. Let x = f - q. Is x even?
False
Suppose -w - 8 = -2*q - q, -2*w = 5*q - 28. Let n be 0 + (q/(-2) - -16). Suppose 2 - n = -a. Does 6 divide a?
True
Suppose 9*r = 6*r + 141. Is r a multiple of 10?
False
Let d(s) = -17*s**3 + 2*s + 1. Let u be d(-1). Suppose -f + 6*f = 4*z - 18, -u = -5*z + 3*f. Is (z/(-4))/(1/(-12)) a multiple of 4?
False
Let d = 9 - 3. Suppose -d*w = -3*w - 261. Is 29 a factor of w?
True
Let f(m) = 2*m**2 - 10*m + 7. Is 13 a factor of f(8)?
False
Suppose -5*w + 7 - 22 = 0, 0 = 2*o + 4*w - 186. Is 6 a factor of o?
False
Let h(j) = -7*j - 17. Is h(-5) a multiple of 5?
False
Is 14 a factor of 1 + (2 - 3) - -56?
True
Suppose 0 = -2*r + 2*t + 114, 0*r = -3*r + t + 161. Is r a multiple of 13?
True
Let v(u) be the second derivative of -u**3/2 - u**2 - 3*u. Does 13 divide v(-7)?
False
Is (-6 - 0)/(10/(-4) - -1) a multiple of 4?
True
Suppose r - 3*r = -4*k - 142, -3*k = r - 91. Does 23 divide r?
False
Let j be (7/(-2))/(2/(-4)). Suppose -20 = j*h - 3*h. Is 18 a factor of (6/(-8))/(h/120)?
True
Let h(g) = 8*g + 2. Let n be (10 + 0)*(-9)/(-18). Is 9 a factor of h(n)?
False
Is 12 a factor of 6*9 + (-15)/(-5)?
False
Let t(h) = 2*h**2 - 3*h - 7. Let g be 6 - (-1 - -1)/1. Let b be t(g). Let k = -27 + b. Is 10 a factor of k?
True
Let u be 516/(-26) + 18/(-117). Let z = u + 31. Is 11 a factor of z?
True
Let z(a) = -a**2 - 7*a + 2. Let j be z(-5). Suppose -j = -l + 2. Is 7 a factor of l?
True
Suppose -206 = -4*m - 2*n, 4*m - 2*n - 154 = 40. Is 25 a factor of m?
True
Let k(m) = 4*m - 3. Let j(o) = -5*o + 4. Let b(f) = -5*j(f) - 6*k(f). Let a be b(4). Suppose 5*h - a*v - v - 130 = 0, -v = 0. Is 13 a factor of h?
True
Suppose 0 = -q + 5*q. Suppose -117 = -q*i - 3*i. Is i a multiple of 13?
True
Let a be 4/12*(-141)/(-1). Let u be 10*1/2 - 1. Suppose u*x = 9 + a. Is x a multiple of 7?
True
Let p(d) = -d**3 + 14*d**2 - 6*d + 13. Let w be p(13). Suppose 0*u - 36 = -3*u. Is w/6*u/8 a multiple of 9?
False
Let w(v) = -v**3 + 6*v**2 + 5*v + 6. Let a(i) = -i**2 + 9*i - 7. Let k be a(7). Let q be w(k). Is (34/q)/1*-4 a multiple of 8?
False
Let x be 6/(-4)*(-4)/3. Suppose 2*h - 172 = -4*u, 0 = -x*h + 2*u + 30 + 124. Is 24 a factor of h?
False
Suppose x + 93 + 35 = 3*t, -5*t - 5*x + 200 = 0. Is t a multiple of 33?
False
Let y = 451 - 195. Is y a multiple of 45?
False
Let r be 96/(-40)*10/(-4). Let q(o) = o**3 - 5*o**2 - 4*o. Is q(r) a multiple of 11?
False
Suppose 5 = -2*t + 15. Let h(f) = f + 1. Let s be h(3). Suppose 0 = y + y + t*d - 46, 0 = s*d + 8. Does 16 divide y?
False
Suppose 6*k - 2*k = 60. Is 3 a factor of k?
True
Let d = 27 + -12. Is d - 0/((-4)/2) a multiple of 10?
False
Let k = -21 - -50. Does 5 divide k?
False
Let x be (-6)/(-12) + (-10)/(-4). Let p be 33/(3/3) + x. Suppose s - 95 = -4*s - 5*z, 3*z = -2*s + p. Is s a multiple of 8?
False
Suppose -4 = 4*m - 24, -4*c - 4*m + 872 = 0. Suppose 4*x + 188 = 2*g, 2*g + 3*x = 2*x + c. Suppose -35 - 5 = -2*d - 4*v, -4*d = -4*v - g. Is d a multiple of 12?
True
Let a(j) be the third derivative of -3*j**4/8 - j**3/6 - j**2. Is 21 a factor of a(-4)?
False
Let c(y) = -y**3 + 15*y**2 + 2*y - 22. Let p be c(15). Let a = -8 - -5. Let w = a + p. Is w a multiple of 5?
True
Let n(z) be the second derivative of z**3/3 + 3*z**2 + z. Suppose 0 = -4*g - 5*l - 5, -16 = -5*g - l + 4. Is n(g) a multiple of 8?
True
Let o = 98 + -50. Suppose 0 = -4*p + k - 5*k + o, -3*p + 2*k + 11 = 0. Is p a multiple of 4?
False
Suppose 3*j - j - 2*c - 16 = 0, 5*c + 34 = 3*j. Suppose -j*w = 5*x - 34 - 19, 5*w = 2*x + 140. Does 9 divide w?
False
Let i(a) = -a**3 + 26*a**2 + 32*a - 75. Does 60 divide i(27)?
True
Suppose 3*w - 2*q - 108 = w, q = -2*w + 102. Is w a multiple of 25?
False
Let u(m) = m**3 - 15*m**2 - 24*m - 15. Does 23 divide u(17)?
False
Suppose -4*g = 5*s - 13, 0 = 5*s + 2*g + g - 11. Suppose k + 1 = -s. Does 11 divide (9 + (0 - k))/1?
True
Let h = 3 + -3. Suppose 3*v + 11 = 4*t, h = -t - v + 1. Does 5 divide (2 - t - -2) + 11?
False
Let t(k) = 2 - 4*k + 0 + 4*k + 3*k. Suppose 3*a = -4*y - 1, -34 = -3*a + 4*y - 3. Is 5 a factor of t(a)?
False
Let k(m) = -m + 1. Let x be k(-3). Suppose j - 4 = -o, 0 = 5*j + 4*o - x - 15. Suppose -5*z + 4*r + 22 = -j, -2*z - 5*r + 10 = 0. Is 2 a factor of z?
False
Suppose -t = -4*a - 20, a + 5 = -3*t - 0*t. Suppose -5*c + 4*j + 37 = t, c - 4*j - 7 = 2*c. Is 4 a factor of c?
False
Let r be (14/(-8))/(3/12). Let q = 17 + r. Does 10 divide q?
True
Let s(j) = -j**3 - 2*j**2 - 2*j - 2. Let z be s(-2). Let n be (8/(-6))/(z/(-48)). Suppose -d = 3*d - n. Is 8 a factor of d?
True
Suppose -3*q + 2*q + 6 = 0. Suppose -q = -2*f + 2. Suppose -4*p + 0 = -t + 3, 0 = -f*t - 5*p + 54. Is 6 a factor of t?
False
Let x be ((-24)/42)/(2/(-7)). Suppose 3*f = -x*q + 12, q - 3*f + 4 = -2*f. Suppose 3*h + q*l = l + 37, -15 = -h - l. Is 13 a factor of h?
True
Suppose -2*w - 4*z + 11 - 1 = 0, -9 = -2*w - 5*z. Let i(v) = v - 1 - 8*v**3 - w*v**2 + 9*v**3 - 8*v. Does 7 divide i(8)?
True
Let b be ((-12)/(-16))/((-2)/(-8)). Suppose -12 = -b*p + 18. Let q = p - 5. Is 5 a factor of q?
True
Let m(d) = 7*d**2 + 2*d - 3. Is 3 a factor of m(-2)?
True
Suppose -2*t = -x - 12 + 30, 33 = 2*x - t. Let c(a) = -2*a - 1. Let i be c(-3). Suppose x = 5*h - 4*h - 4*d, 0 = i*d. Is 16 a factor of h?
True
Suppose 3*d - 24 = -d. Suppose p = 2*j + 5*p - 24, -10 = -2*p. Suppose -12 = j*n - d*n. Is 3 a factor of n?
True
Let q(m) = 0*m**2 + 2*m**2 + 1 + 2*m**2. Let w be q(1). Suppose 3*t + w = 4*o - 16, -4*t + 20 = 0. Is o a multiple of 5?
False
Suppose 710 - 33 = 3*g - 4*r, 1080 = 5*g + 3*r. Let k be g/2 - 1/2. Suppose 2*q = 4*a - 12 + 44, -4*q + k = a. Does 12 divide q?
False
Let a = -3 - -50. Does 14 divide a?
False
Suppose -q = -14 - 66. Let d = -54 + q. Is 13 a factor of d?
True
Suppose -2*d - 158 = -4*d. Let l be 5*22*(-4)/10. Let m = l + d. Is m a multiple of 9?
False
Let s(d) be the first derivative of -2*d**2 + 3*d + 2. Let z be s(6). Let u = 6 - z. Does 14 divide u?
False
Suppose s + l = 2*l, -3*s = 3*l - 18. Let t(c) = 2*c**3 + 4 - c**2 + 0 - 4*c - 5. Is 11 a factor of t(s)?
False
Let x(s) = -2*s**3 - 16*s**2 - 11*s + 5. Does 26 divide x(-8)?
False
Suppose -2*z = -o + z + 153, z + 291 = 2*o. Does 36 divide o?
True
Let l be (-4 - (-1 + -5))*2. Suppose -m - 1 = 0, 2*b - l*m = -b + 40. Is 4 a factor of b?
True
Suppose 0*s = s - 2. Suppose o = s*o. Suppose -4*r - 2 + 14 = o. Is 2 a factor of r?
False
Let p be 4 - (1 + -9)/(-2). Is (2 - p)/((-4)/(-82)) a multiple of 26?
False
Suppose -4*y = -0 + 8. Let m be y/(4/(-18)) - -2. Let k = 23 - m. Is k a multiple of 9?
False
Let o = 2 + 20. Suppose 2*w = 68 + o. Is w a multiple of 15?
True
Let a = 552 + -17. Suppose -5*c + a = 4*b, 0*b + b - c - 136 = 0. Suppose 5*m = -0*m + b. Does 9 divide m?
True
Suppose 0 = -3*r + 4*r + 1, 3*t - 105 = -3*r. Is t a multiple of 9?
True
Suppose -s + 6 = s. Let w(r) = r**3 - 3*r**2 + 4*r + 4. Does 14 divide w(s)?
False
Suppose -5*b + 4*s + 13 = 0, -4*b + 7*b + 2*s + 1 = 0. Is 12 - b/(1/1) a multiple of 4?
False
Suppose -4*a = -34 + 306. Let o be (a/(-3))/(3/9). Suppose 0 = 4*h + 8 -